. Suppose -z = -d + 2*k, 14*d - 12*d = k + 1697. What is the units digit of d?
7
Let j be (72/(-14) + 6)*42. Suppose -j*x + 24*x + 528 = 0. What is the tens digit of x?
4
Let s(y) = 58*y**2. Let q = -41 - -55. Suppose q = -5*z + 9. What is the units digit of s(z)?
8
Let v(s) = s**2 + 25*s + 96. Let z be v(-20). What is the units digit of z/((-5742)/717 - -8)?
8
Suppose -2*k + 2*b = 2, 0*k - b = 2*k - 7. Suppose 2*v - 3*v = -k*l - 53, 232 = 4*v - 3*l. What is the tens digit of v?
6
Suppose 35*o - 214052 = -2*o - 22*o. What is the units digit of o?
8
Let f be 4*6/24*1864. Suppose 2*q - f = 2*w, 2*q - 5*w - 1090 - 783 = 0. What is the units digit of q?
9
Suppose -3*x = m - 4, 2*x + 40 = m + 21. Let z(a) = 8*a**2 - 44*a + 18. What is the units digit of z(m)?
8
Suppose -938848 = -183*i + 2970215. What is the thousands digit of i?
1
What is the hundreds digit of (1809/6 - 7)*20?
8
What is the hundreds digit of (9 - 880/99)/(5/1908135)?
4
Let y(q) = -2*q + 4. Let g be y(1). Suppose 5*m = -g*u + 1622, -4*m = 3*u - 8*u - 1291. What is the units digit of m?
4
Let r = -17972 - -37241. What is the ten thousands digit of r?
1
Suppose -29*l - 15*l = -461604. Suppose -18*t + l = -5*t. What is the units digit of t?
7
Suppose -49*b + 32*b = -714. Suppose b*j - 45*j = -2988. What is the units digit of j?
6
Let j = 30309 - 17338. What is the units digit of j?
1
Suppose 12*n - 6869 = 93295. What is the tens digit of n?
4
Let p(f) = -4*f + 21. Let i be p(-4). Suppose -4*h - 2*u = -338, -i*u = 5*h - 39*u - 436. What is the units digit of h?
6
Let l(z) be the third derivative of 1/120*z**6 - 7/30*z**5 + 0 + 0*z + 1/2*z**4 + 5/3*z**3 + 29*z**2. What is the hundreds digit of l(14)?
1
Let p(b) = 3808*b + 19. What is the thousands digit of p(2)?
7
Let o = 7574 - 3484. Suppose -5*y - o = -15*y. Let x = y + -244. What is the hundreds digit of x?
1
Let d = -264 - -311. Suppose 4*s - 12 = 0, 2*u + 3*s + 5 = 14. Suppose l - 172 - d = u. What is the tens digit of l?
1
Suppose 4*f = 12, 0*w - 50 = -2*w + 4*f. Suppose w*q - 1176 = 27*q. What is the units digit of q?
4
Let p = 11 + 9. Let a be 1466/10 - (-8)/p - -4. Let s = 87 + a. What is the units digit of s?
8
Let f(l) = -32*l + 18 - 6 + 1. Let b be f(-7). Suppose b = -4*a + 749. What is the hundreds digit of a?
1
Suppose -2*l = 5*z + l + 147, -5*l = -4*z - 125. Let o = z + 41. Let f = 36 - o. What is the tens digit of f?
2
Suppose -53 = -5*s - 33. Let b be (-6)/(-4) - ((-4)/8 + s). What is the units digit of 5/(-15)*-474*(-1)/b?
9
Let g = 18 + -230. Let s be 4 - 3*g/2. Suppose 4*d = s - 34. What is the tens digit of d?
7
Let g = 423 + -37. Let b = 205 + 49. Let c = g - b. What is the units digit of c?
2
Let l be 354/(-21)*-89 - 14/49. Suppose -10*y + 4*y = -l. Suppose -3*v + y = -u, 5*v + 4*u - 148 = 3*v. What is the tens digit of v?
8
Let m(w) be the third derivative of -13*w**4/24 - 67*w**3/3 + 13*w**2 - 3*w. What is the hundreds digit of m(-19)?
1
Suppose -5*s + 5108 = 4*r, -s - 5*r + 4090 = 3*s. Let i = s - 686. What is the hundreds digit of i?
3
Suppose -n = 5*o - 58344, -67*o + 3*n = -66*o - 11656. What is the ten thousands digit of o?
1
Let a(w) = 19*w**2 + 39*w + 459. What is the hundreds digit of a(34)?
7
Suppose -75 = 35*w - 36*w. Let z be (-5)/(w/(-95)) + 3/(-9). What is the hundreds digit of -540*((-4)/10 + z + -6)?
2
Suppose 233*w - 289*w + 128744 = 0. What is the tens digit of w?
9
Let q = 152 + -158. What is the units digit of 860 + (30/q + 6 - -1)?
2
Suppose 3*r = -4*p - 8 - 2, -4*r - 30 = 2*p. What is the hundreds digit of (4/6)/(r/(-7980))?
5
Suppose -2*z - 3*y + 59847 = 0, -9 = -y - 2*y. What is the ten thousands digit of z?
2
Let r(o) = 61*o**2 + 72*o + 1327. What is the units digit of r(-26)?
1
Let y(a) = 8*a**2 + 623 + 16*a + a**3 - 597 + 10*a**2. Let x be y(-14). Suppose 4*g + 34 = x. What is the hundreds digit of g?
1
Let p(u) = 52*u + 34. Suppose -7 = -3*z + 5. What is the hundreds digit of p(z)?
2
Suppose -81*p + 381960 = 35*p - 26*p. What is the tens digit of p?
4
Let t(a) = 541*a - 25. Let y be t(5). Suppose y = 80*z - 76*z. What is the units digit of z?
0
Suppose n - 5*p = 72, 69*n = 64*n + 5*p + 280. Suppose n*l + 13056 = 75924. What is the tens digit of l?
0
Let z = 45466 - 29546. What is the thousands digit of z?
5
What is the units digit of (-38 - 924)/(4/(2*-1))?
1
Let i(x) = x**3 - 21*x**2 + 25*x. Let m be i(20). Suppose 4*o - m = -20. What is the units digit of o?
0
Let q(s) = -425*s - 16. Let l(k) = 637*k + 25. Let j(a) = 5*l(a) + 8*q(a). What is the units digit of j(-4)?
7
Let z(g) = -2*g**2 + 11*g - 43. Let n be z(17). Let l = n - -1132. What is the tens digit of l?
9
Let r be (-12)/36*(-49 + (0 - -1)). Let h(b) = -b**3 + 15*b**2 + 38*b - 24. What is the units digit of h(r)?
8
Let x = 4990 + 1228. What is the thousands digit of x?
6
What is the units digit of -1 - ((-9 - (-1023)/110) + (-127926)/20)?
5
What is the hundreds digit of (10 + 2101 - -15)/(-4 - 404/(-100))?
1
Suppose 4*i = 5*a + 3761, 65*i - 2838 = 62*i - 2*a. What is the hundreds digit of i?
9
Suppose -205*z + 1321983 + 1124438 = 975341. What is the units digit of z?
6
Let x = -15630 - -29087. What is the ten thousands digit of x?
1
Let i(w) = 2656*w**2 - 69*w + 435. What is the ten thousands digit of i(6)?
9
Let o = -27219 - -47009. What is the hundreds digit of o?
7
Let b be 1129 - (0 + 1)*(18 - 22). Let k = 1852 - b. What is the tens digit of k?
1
Let i(d) = 32*d + 16 - 14 - 33*d + 149*d**2. Let f be i(2). Suppose -15*x + f = -11*x. What is the tens digit of x?
4
Let k(s) = 19*s + 851. What is the units digit of k(24)?
7
Let c(y) = -2*y**3 - 6*y**2 + y - 20. Let s be c(-7). Let r = s - 42. What is the tens digit of r?
2
Let q(n) = -2*n**2 - 17*n - 17. Let w be q(-7). Let k be 28/32*w - (-6)/(-4). What is the units digit of ((-41)/(-4))/(k/16)?
2
Suppose 74*y + 18 = 75*y. What is the hundreds digit of ((-84)/y)/(6/(-171)) + 4?
1
Let h(o) = -2*o**2 - 12*o - 7. Let g(j) = 7*j + 39. Let n be g(-9). Let q = n + 19. What is the units digit of h(q)?
3
Suppose 421 = 14*y - 97. Suppose -y*w + 34*w = -2223. What is the hundreds digit of w?
7
What is the units digit of 405020/20 + -1 + 18?
8
Suppose 0 = -c + 4*r - 37 - 52, -4*c + 3*r = 291. Let o(i) = 14*i**2. Let x be o(4). Let t = x + c. What is the hundreds digit of t?
1
Suppose 18*s - 19634 - 31183 = -3297. What is the units digit of s?
0
Let u(x) = x**3 - 2*x**2 + 3*x - 13. Suppose -4*d - 420 = -9*d. Suppose d*b - 87*b = -15. What is the units digit of u(b)?
7
Suppose 2*c + 7*c = 36. What is the hundreds digit of c*25/20 - (-591)/3?
2
Let l = 1090 + 3979. What is the thousands digit of l?
5
Let q(b) = 5*b**2 - 50*b - 82. Let g be q(-37). Suppose 7*l + 4*l - g = 0. What is the hundreds digit of l?
7
Let l(m) = 22*m + 13 + 3*m**2 - 4*m**2 - 6 + 9*m**2. What is the tens digit of l(-5)?
9
Let r(s) = -s**3 - s + 1. Let l(g) = 6*g**3 - 7*g**2 + 2*g + 11. Let x(p) = -l(p) - 5*r(p). Let v be x(7). What is the units digit of 134*(-4)/(-40)*v?
7
Suppose -99 = -3*n + 2*m - 30, 15 = 5*m. Let f be 2*2 - ((4 - n) + -3). Suppose -f*o = -34*o + 1020. What is the tens digit of o?
7
Suppose -28*z = -31987 - 104 - 1117. What is the units digit of z?
6
Let d(r) = -12309*r - 19. Let q be d(-1). What is the hundreds digit of (-4)/7 - q/(-70)?
1
Suppose -24*d = -21*d - 4*o - 23023, -2*d + 15344 = -2*o. What is the tens digit of d?
6
Let d be (80/24)/(50/60). Suppose -3*u - 7*r = -d*r - 6045, u + 4*r - 2015 = 0. What is the units digit of u?
5
What is the thousands digit of ((-94)/(-141))/((-2)/(-156399) - (-27 - -27))?
2
What is the thousands digit of 15471 + (-1)/1*360/30?
5
Suppose 6*f + 0*f - 3786 = 0. Suppose 5*o - 3*u = 1624, 5*u = 3*o - 5*o + f. What is the units digit of o?
3
Let r = -2690 + 8190. What is the tens digit of r?
0
Let p be (2 - 10/4)*(-64)/16. Suppose 3*y - 870 = 3*m, -p*y - 4*m + 492 + 82 = 0. What is the units digit of y?
9
Suppose -l - 3*f - 16821 = -4*l, -5*l + f + 28035 = 0. What is the units digit of l?
7
Let n = 83825 + -2194. What is the hundreds digit of n?
6
Suppose -s + a + 5 = s, -2*a = -2*s + 4. What is the units digit of ((-6)/4)/(s/(-750))?
5
Let y(d) = 6*d**3 + 2*d**2 + 11*d + 23. Let p be y(-5). What is the tens digit of 30/(-75)*(2 + p)?
9
Let w(i) = 15*i**